divided by 830.
133
Calculate the remainder when 381957 is divided by 11574.
15
What is the remainder when 8437 is divided by 97?
95
What is the remainder when 4624 is divided by 924?
4
Calculate the remainder when 4384 is divided by 2180.
24
Calculate the remainder when 255990 is divided by 1590.
0
What is the remainder when 4520 is divided by 35?
5
What is the remainder when 2066 is divided by 466?
202
What is the remainder when 9713 is divided by 135?
128
Calculate the remainder when 107117 is divided by 26.
23
What is the remainder when 27980 is divided by 6?
2
Calculate the remainder when 5693 is divided by 1895.
8
Calculate the remainder when 1087 is divided by 165.
97
What is the remainder when 8117 is divided by 8092?
25
What is the remainder when 3244 is divided by 56?
52
What is the remainder when 2250420 is divided by 27?
24
What is the remainder when 2315 is divided by 59?
14
What is the remainder when 41744 is divided by 720?
704
What is the remainder when 10572 is divided by 265?
237
Calculate the remainder when 454785 is divided by 704.
1
Calculate the remainder when 623 is divided by 482.
141
Calculate the remainder when 67129 is divided by 987.
13
Calculate the remainder when 260574 is divided by 260497.
77
Calculate the remainder when 1227 is divided by 28.
23
Calculate the remainder when 280237 is divided by 46704.
13
Calculate the remainder when 24829 is divided by 185.
39
What is the remainder when 3024388 is divided by 1008127?
7
Calculate the remainder when 8685 is divided by 189.
180
What is the remainder when 385306 is divided by 13?
12
Calculate the remainder when 103642 is divided by 1571.
1527
Calculate the remainder when 1484 is divided by 938.
546
What is the remainder when 34169 is divided by 85?
84
Calculate the remainder when 725 is divided by 553.
172
Calculate the remainder when 7341 is divided by 120.
21
What is the remainder when 1135 is divided by 180?
55
What is the remainder when 775 is divided by 299?
177
Calculate the remainder when 2303061 is divided by 696.
693
Calculate the remainder when 16608 is divided by 8302.
4
Calculate the remainder when 31029 is divided by 51.
21
Calculate the remainder when 1763 is divided by 53.
14
What is the remainder when 455438 is divided by 40?
38
What is the remainder when 19192 is divided by 39?
4
What is the remainder when 7915 is divided by 86?
3
Calculate the remainder when 1017464 is divided by 17.
14
Calculate the remainder when 173124 is divided by 56.
28
Calculate the remainder when 2284 is divided by 761.
1
What is the remainder when 168752 is divided by 55?
12
Calculate the remainder when 691 is divided by 258.
175
Calculate the remainder when 15722 is divided by 85.
82
What is the remainder when 89966 is divided by 74?
56
What is the remainder when 2543053 is divided by 57?
55
What is the remainder when 1780 is divided by 44?
20
Calculate the remainder when 11893 is divided by 23.
2
What is the remainder when 236963 is divided by 434?
433
What is the remainder when 386735 is divided by 96671?
51
What is the remainder when 145240 is divided by 72618?
4
Calculate the remainder when 4651 is divided by 87.
40
What is the remainder when 10625 is divided by 46?
45
What is the remainder when 14865 is divided by 14?
11
Calculate the remainder when 61241 is divided by 104.
89
Calculate the remainder when 87701 is divided by 53.
39
Calculate the remainder when 4193 is divided by 460.
53
Calculate the remainder when 141888 is divided by 81.
57
Calculate the remainder when 338214 is divided by 2285.
34
Calculate the remainder when 1020 is divided by 350.
320
Calculate the remainder when 12640 is divided by 93.
85
What is the remainder when 54423 is divided by 6?
3
Calculate the remainder when 108797 is divided by 25.
22
Calculate the remainder when 11833 is divided by 45.
43
What is the remainder when 148773 is divided by 20?
13
Calculate the remainder when 37952 is divided by 1280.
832
Calculate the remainder when 1140 is divided by 226.
10
Calculate the remainder when 1236845 is divided by 46.
43
Calculate the remainder when 17820 is divided by 8842.
136
Calculate the remainder when 5002 is divided by 814.
118
Calculate the remainder when 167498 is divided by 3641.
12
What is the remainder when 14223 is divided by 4?
3
Calculate the remainder when 24422 is divided by 568.
566
Calculate the remainder when 24099 is divided by 161.
110
Calculate the remainder when 2182 is divided by 201.
172
Calculate the remainder when 14757 is divided by 320.
37
What is the remainder when 34192 is divided by 8?
0
What is the remainder when 1378 is divided by 685?
8
Calculate the remainder when 47867 is divided by 6.
5
What is the remainder when 55316 is divided by 290?
216
Calculate the remainder when 34688 is divided by 588.
584
What is the remainder when 15781 is divided by 1403?
348
What is the remainder when 993 is divided by 160?
33
Calculate the remainder when 17090 is divided by 2.
0
Calculate the remainder when 29137 is divided by 347.
336
Calculate the remainder when 860 is divided by 59.
34
What is the remainder when 6779584 is divided by 834?
832
What is the remainder when 597 is divided by 190?
27
Calculate the remainder when 3187 is divided by 1585.
17
Calculate the remainder when 25101 is divided by 966.
951
What is the remainder when 16241 is divided by 44?
5
What is the remainder when 1817436 is divided by 37?
33
What is the remainder when 144 is divided by 126?
18
What is the remainder when 36516 is divided by 5930?
936
What is the remainder when 11636 is divided by 969?
8
What is the remainder when 4030 is divided by 1326?
52
Calculate the remainder when 48395 is divided by 55.
50
What is the remainder when 7648 is divided by 22?
14
Calculate the remainder when 11596 is divided by 3861.
13
Calculate the remainder when 156156 is divided by 131.
4
What is the remainder when 2217 is divided by 728?
33
Calculate the remainder when 588220 is divided by 104.
100
Calculate the remainder when 19852 is divided by 103.
76
What is the remainder when 3074 is divided by 766?
10
What is the remainder when 67195 is divided by 5?
0
Calculate the remainder when 256712 is divided by 356.
36
Calculate the remainder when 80429 is divided by 40169.
91
What is the remainder when 59638 is divided by 105?
103
Calculate the remainder when 2695 is divided by 51.
43
What is the remainder when 10648 is divided by 3549?
1
What is the remainder when 160047 is divided by 3?
0
What is the remainder when 1539646 is divided by 144?
142
Calculate the remainder when 129321 is divided by 156.
153
What is the remainder when 257284 is divided by 99?
82
Calculate the remainder when 13695 is divided by 1368.
15
What is the remainder when 271127 is divided by 10?
7
Calculate the remainder when 9859 is divided by 174.
115
Calculate the remainder when 10730 is divided by 399.
356
Calculate the remainder when 6477 is divided by 245.
107
What is the remainder when 33466 is divided by 1197?
1147
Calculate the remainder when 82263 is divided by 113.
112
What is the remainder when 3006 is divided by 5?
1
Calculate the remainder when 5155 is divided by 1612.
319
What is the remainder when 63805 is divided by 2656?
61
What is the remainder when 90146 is divided by 23?
9
What is the remainder when 10435 is divided by 3472?
19
What is the remainder when 1728 is divided by 454?
366
What is the remainder when 102748 is divided by 55?
8
Calculate the remainder when 44598 is divided by 58.
54
What is the remainder when 1071712 is divided by 969?
967
What is the remainder when 36183 is divided by 3014?
15
Calculate the remainder when 245048 is divided by 4623.
29
What is the remainder when 1513 is divided by 838?
675
What is the remainder when 6369 is divided by 158?
49
What is the remainder when 1944653 is divided by 14?
11
What is the remainder when 4116 is divided by 1096?
828
Calculate the remainder when 597 is divided by 74.
5
What is the remainder when 5853 is divided by 118?
71
Calculate the remainder when 4148 is divided by 24.
20
What is the remainder when 97019 is divided by 196?
195
What is the remainder when 231348 is divided by 70?
68
What is the remainder when 27110 is divided by 399?
377
Calculate the r